101. Determine g(10).
379
Let d(a) = -11741*a - 234748. Determine d(-20).
72
Let f(s) = -s**3 - 61*s**2 + 26671*s + 1672335. Give f(-63).
0
Let q(g) = -574346*g - 1723035. Determine q(-3).
3
Let s(u) = 96*u + 8754. Calculate s(-81).
978
Let p(d) = -d**2 + 271*d - 16794. Give p(186).
-984
Let n(t) = 5857*t + 228423. Determine n(-39).
0
Let u(g) = -g**3 + 75*g**2 - 76*g - 659. Determine u(74).
-807
Let n(l) = 12*l**2 - 3380*l - 40807. Give n(-12).
1481
Let i(r) = 4*r**2 - 2046*r - 22934. What is i(-11)?
56
Let o(y) = -2*y**2 + 20588*y + 723191. What is o(-35)?
161
Let h(b) = b**3 - 74*b**2 - 345*b + 26618. What is h(74)?
1088
Let h(x) = 1865*x + 27971. Determine h(-15).
-4
Let g(o) = o**3 - 16*o**2 + 29*o - 1825. Calculate g(19).
-191
Let r(h) = 2*h**3 + 63*h**2 + 275*h + 4. Calculate r(-4).
-216
Let w(i) = i**3 - 69*i**2 - 216*i + 932. What is w(72)?
932
Let l(v) = 348660*v - 46023111. Calculate l(132).
9
Let c(o) = -2*o**3 - 151*o**2 - 1710*o - 23. Determine c(-14).
-191
Let h(p) = -3*p**3 + 12*p**2 + 13*p - 14. Give h(-5).
596
Let q(r) = 4*r**2 - 339*r - 190. Calculate q(84).
-442
Let x(g) = 39*g - 96. What is x(35)?
1269
Let j(m) = 628*m + 1857. Calculate j(-3).
-27
Let t(s) = 103*s + 1509. Give t(-7).
788
Let y(l) = -l**3 + 37*l**2 - 491*l + 14805. Give y(35).
70
Let a(z) = 15394*z - 492584. Calculate a(32).
24
Let v(x) = 5*x**2 + 16*x + 33. Determine v(6).
309
Let b(l) = 1875*l - 54393. Determine b(29).
-18
Let h(c) = 51832*c + 829312. What is h(-16)?
0
Let b(z) = -62*z + 484. What is b(5)?
174
Let o(m) = 4*m**2 - 267*m - 3534. Determine o(-16).
1762
Let j(o) = o**3 - 29*o**2 - 117*o + 50. Calculate j(-4).
-10
Let q(z) = -418*z + 4104. Calculate q(10).
-76
Let l(g) = 1448*g + 11358. Calculate l(-8).
-226
Let v(g) = g**3 - 34*g**2 - 51*g + 3572. Determine v(32).
-108
Let k(r) = -r**3 - 108*r**2 + 9409*r - 249. Give k(57).
-21
Let a(h) = 307*h - 2667. Determine a(7).
-518
Let q(k) = k**3 - 40*k**2 + 63*k - 12. Determine q(8).
-1556
Let t(s) = -181*s + 256. What is t(-4)?
980
Let c(t) = 13*t**2 - 4345*t + 4347. Determine c(1).
15
Let l(o) = -o**2 + 101*o + 9839. Calculate l(-61).
-43
Let h(y) = 3*y**3 - 497*y**2 - 176*y + 1678. What is h(166)?
18
Let b(z) = -2*z**3 + 65*z**2 + 247*z + 181. What is b(36)?
1
Let i(a) = a**3 - 222*a**2 + 171*a + 12414. Give i(-7).
-4
Let o(z) = -359*z + 13230. Determine o(37).
-53
Let g(c) = -c**3 - 6*c**2 + 3628*c + 32411. Calculate g(-9).
2
Let f(g) = -2*g**3 - 489*g**2 + 1510*g - 76. Give f(3).
-1
Let b(y) = -27*y**2 - 276*y - 463. What is b(-8)?
17
Let g(i) = -82*i**2 - 3359*i + 290. Give g(-41).
167
Let x(w) = 530*w + 105886. What is x(-200)?
-114
Let s(r) = -3*r**3 + 162*r**2 - 256*r + 5070. What is s(53)?
-71
Let y(x) = -202389*x + 2226276. Determine y(11).
-3
Let q(b) = 2755*b + 13058. Determine q(-5).
-717
Let s(c) = 215307*c + 42. Give s(0).
42
Let b(m) = -547*m**2 + 1342*m + 32. Calculate b(3).
-865
Let j(v) = -v**2 + 32*v + 808. Calculate j(56).
-536
Let q(k) = -k**2 + 1884*k + 37150. Determine q(-20).
-930
Let h(s) = -8877*s + 44417. What is h(5)?
32
Let o(l) = -2*l**2 - 97793*l - 2638951. Give o(-27).
2
Let t(b) = -4059*b + 239528. Give t(59).
47
Let o(k) = -114*k**2 + 5*k + 66. Calculate o(0).
66
Let q(l) = -23*l**3 - 833*l**2 - 170*l + 360. What is q(-36)?
0
Let m(a) = 80*a**2 + 1674*a - 53. Calculate m(-22).
1839
Let z(s) = -29*s**3 - 2*s**2 - 714*s + 714. Calculate z(1).
-31
Let h(n) = -3058*n + 73405. Determine h(24).
13
Let o(w) = 24*w**2 + 356*w + 1403. Give o(-4).
363
Let v(n) = -2*n**2 + 1921*n + 27301. What is v(-14)?
15
Let f(t) = -122*t**2 - 26614*t - 82559. What is f(-215)?
1
Let b(j) = 303936*j + 3039372. Calculate b(-10).
12
Let k(w) = 5950*w**2 - 5949*w - 5. Determine k(1).
-4
Let f(r) = -r**3 - 73*r**2 + 122934*r + 3903. Give f(-389).
13
Let d(b) = -10*b**3 + 1280*b**2 + 1285*b + 304. Calculate d(129).
-341
Let a(m) = 2*m**2 - 125*m + 102. Give a(34).
-1836
Let a(o) = -o**3 + 530*o**2 - 369*o - 84731. Calculate a(529).
-91
Let h(b) = -3*b**2 - 348846*b + 5233366. Calculate h(15).
1
Let j(m) = 620*m**3 + 9*m**2 + 622*m + 614. Calculate j(-1).
-619
Let s(o) = 68*o**2 + 99*o + 25. What is s(-1)?
-6
Let c(o) = -772*o + 4638. Give c(6).
6
Let q(o) = -21*o**3 + 9*o**2 - 87*o + 256. Give q(5).
-2579
Let s(r) = -r**2 - 1221*r - 90292. What is s(-79)?
-74
Let q(s) = -s**3 - 28*s**2 + 164*s - 425. Give q(-33).
-392
Let n(q) = 335*q + 52668. Determine n(-169).
-3947
Let z(c) = 7154*c - 6130978. Determine z(857).
0
Let g(z) = -537*z**2 + 832838*z + 76004. Determine g(1551).
5
Let o(s) = -156175*s**2 - 1093229*s - 37. Give o(-7).
-9
Let c(f) = -19*f**2 + 1334*f - 20614. Give c(23).
17
Let l(o) = -o**3 - 6*o**2 + 36*o - 50. Give l(-11).
159
Let m(i) = -2*i**3 + 15*i**2 + 125*i + 34. Calculate m(-5).
34
Let x(i) = 1875*i + 1779. Calculate x(-1).
-96
Let q(h) = 2*h**2 - 11*h - 3348. What is q(43)?
-123
Let n(v) = -374313*v - 1122944. Give n(-3).
-5
Let n(p) = 2*p**2 + 489*p - 8816. Give n(17).
75
Let b(w) = -864*w + 3469. Determine b(4).
13
Let y(r) = -r**3 - 569*r**2 + 81057*r + 1057. What is y(118)?
-5
Let c(t) = -4*t**2 - 271*t - 2385. What is c(-9)?
-270
Let a(l) = 41*l**3 - 4*l**2 - 28461*l - 28458. Determine a(-1).
-42
Let j(p) = -74*p**2 - 12119*p - 9295. Give j(-163).
-4
Let s(p) = 14*p**2 + 7*p + 136. What is s(-7)?
773
Let x(l) = -l**3 + 27*l**2 + 33*l - 121. Determine x(28).
19
Let h(w) = w**3 + 24*w**2 + 119*w - 35. What is h(-13)?
277
Let o(y) = 6*y**2 - 3181*y + 70009. Give o(23).
20
Let i(t) = 1750*t**2 - 44*t - 7. Calculate i(0).
-7
Let a(y) = -107*y**3 - 329*y**2 + 10*y + 28. Calculate a(-3).
-74
Let i(c) = c**3 - 13*c**2 - 1410*c + 22405. What is i(35)?
5
Let g(w) = 142*w**2 + 22141*w - 1731. Give g(-156).
-15
Let q(r) = 2265*r + 154023. Determine q(-68).
3
Let v(s) = s**3 - 291*s**2 + 15472*s - 428. What is v(221)?
14
Let d(k) = k**3 - 29*k**2 - 7*k + 2202. What is d(26)?
-8
Let d(v) = v**3 + 30*v**2 + 214*v + 537. Give d(-21).
12
Let j(a) = -2348*a + 77211. Give j(32).
2075
Let a(y) = y**3 - 7*y**2 + 165*y - 984. Give a(6).
-30
Let y(w) = -167*w + 27530. Give y(165).
-25
Let a(o) = -2776*o**2 + 16666*o - 60. What is a(6)?
0
Let m(r) = -616*r + 16639. What is m(27)?
7
Let x(s) = s**3 + 87*s**2 - 99*s - 729. Determine x(-88).
239
Let v(j) = -2*j**2 - 383*j + 16855. Calculate v(40).
-1665
Let f(b) = -43859*b - 1096471. Determine f(-25).
4
Let m(t) = -t**3 - 73*t**2 + 67*t - 602. What is m(-74)?
-84
Let w(i) = -937*i - 4165. What is w(-2)?
-2291
Let l(v) = v**2 - v - 2099. Give l(-47).
157
Let d(q) = -q**3 + 134*q**2 - 177*q - 11500. Calculate d(132).
-16
Let p(h) = -5490*h + 109815. Give p(20).
15
Let g(s) = -4335*s + 16926. Give g(4).
-414
Let x(r) = -38822*r + 504693. Calculate x(13).
7
Let z(f) = -1089*f + 31410. Determine z(31).
-2349
Let l(v) = v**3 - 97*v**2 + 2078*v - 501. Calculate l(31).
491
Let x(k) = 2*k**3 + 132*k**2 + 19*k + 1701. Determine x(-66).
447
Let v(g) = -8594*g + 42958. Give v(5).
-12
Let u(t) = 13*t**2 - 30*t - 482. Give u(-15).
2893
Let g(b) = -4918*b - 19830. Calculate g(-4).
-158
Let n(q) = -q**2 + 388*q + 35237. Determine n(-76).
-27
Let h(y) = -1238*y - 74350. Calculate h(-59).
-1308
Let c(d) = -3239*d + 93950. What is c(29)?
19
Let z(m) = -3*m**3 - 85*m**2 - 28*m + 111. Give z(-28).
111
Let r(v) = -10940*v + 3522675. Determine r(322).
-5
Let r(g) = 12*g**2 + 322*g - 204. Give r(-29).
550
Let g(v) = v**3 + 4*v**2 + 1339. Calculate g(0).
1339
Let a(y) = -104*y - 4901. What is a(-47)?
-13
Let q(f) = -50074*f - 43063638. Determine q(-860).
2
Let n(u) = -29849*u - 3283380. What is n(-110)?
10
Let p(c) = -392236*c + 3137882. What is p(8)?
-6
Let i(f) = -178*f - 4473. Calculate i(-25).
-23
Let x(o) = -2262*o + 8777. Give x(4).
-271
Let q(f) = 597008*f - 3582052. Give q(6).
-4
Let v(d) = 3*d**3 - 37*d**2 + 92*d + 93. What is v(8)?
-3
Let u(v) = -46*v - 619. Give u(6).
-895
Let r(t) = t**2 + 626*t + 33440. Determine r(-57).
1007
Let i(r) = -3*r**3 + 998*r**2 - 645*r - 6318. Determine i(332).
-10
Let k(c) = 6*c**3 - 28*c**2 + 31*c + 452. Give k(9).
2837
Let x(c) = -309*c + 1539. Give x(5).
-6
Let z(o) = -2910*o**2 + 96033*o - 129. Determine z(33).
-30
Let t(z) = z**2 + 141763*z - 24839142. Give t(175).
8
Let r(d) = d**3 + 6*d**2 - 2187*d - 78. Give r(-51).